ose 8*g - 15*g + 2093 = 0. List the prime factors of g.
13, 23
Let j be (-4 - -6) + -2 + 3. Suppose 0 = -j*v + m + 84, v + 3*m = 23 + 5. What are the prime factors of v?
2, 7
Suppose -2*f + 14 + 8 = 0. Let g(d) = d**2 - 9*d + 18. List the prime factors of g(f).
2, 5
Let x = 3060 + -2092. List the prime factors of x.
2, 11
Let n = 67 - 67. List the prime factors of -3 - -7 - -72 - (0 + n).
2, 19
Let c(y) = -2*y**3 - 20*y**2 - 101*y - 25. List the prime factors of c(-12).
41, 43
Let o be 6/(-4 + 5 - 2/(-4)). List the prime factors of o/14 - 248/(-28)*9.
2, 5
Suppose 0 = 44*v - 37*v - 29498. List the prime factors of v.
2, 7, 43
Let w(j) = j - 2. Let y be w(-3). Let q(x) = -x**2 - 3*x - 4. Let a be q(y). Let p = a - -29. What are the prime factors of p?
3, 5
Suppose 64*h - 17245 + 925 = 0. List the prime factors of h.
3, 5, 17
Let t(h) = -h**3 + 9*h**2 + 11*h - 21. Let v be t(11). Let f be (-10)/35 - v/7. Let d = -18 + f. List the prime factors of d.
2
Let g(k) = k**3 - 16*k**2 + 15*k + 11. Let n be g(15). Let z(p) = 2*p - 15. List the prime factors of z(n).
7
Let b(x) = -x**2 + 10*x - 2. Let m(v) = -v**2 + 10*v + 14. Let d be m(11). Let r be b(d). Let g = r - 17. What are the prime factors of g?
2
Let g(v) = v**3 + 6*v**2 + v - 3. Let s be g(-5). Let n(r) = 5*r - 13. What are the prime factors of n(s)?
2, 3
Let c be (-1)/((-8)/(-82)) + (-46)/(-184). Let h(j) = j**3 + 14*j**2 + 18*j - 12. List the prime factors of h(c).
2, 13
Let g(z) = 24*z + 810. What are the prime factors of g(0)?
2, 3, 5
Suppose -o = -5*t + 2*o + 14, -24 = -4*t - 4*o. Suppose -18 = -y - 4*z, -t*z + 8 = -2*z. Let v = y - -18. What are the prime factors of v?
2, 5
Suppose 0 = -j - 3*j + 888. Suppose 0*h = 3*h - j. Let a = h - 49. What are the prime factors of a?
5
Suppose -3*c - 9 = -3*i, 0*i = 3*i + c - 9. Let h(d) = d**3 + 6*d**2 - d - 6. Let l be h(-6). Suppose o = -l*o + i. List the prime factors of o.
3
What are the prime factors of 1/3 - (-42648)/36?
3, 5, 79
Let u(r) = -r + 10. Let o be u(7). Suppose -6*b = -3*b, -o*z + 5*b = -63. List the prime factors of (-28)/3*(-54)/z.
2, 3
Suppose -2*o + 5*z = 15, 1 = o - z + 4. Suppose o = 5*y - 818 - 307. What are the prime factors of y?
3, 5
Let j(i) = -i**3 + i**2 + 3*i - 1. Let p be j(-2). Let w(r) = -r**3 + 9*r**2 - 13*r + 7. Let a be w(p). Let l = a + -4. What are the prime factors of l?
2, 19
Suppose 5*u + 3 = -k + 4*k, -2*u - 5*k + 5 = 0. Suppose -3*f + 0 + 3 = u. List the prime factors of (-4)/(f*-4)*31.
31
Suppose 3 - 23 = -4*a, -v + 2282 = 2*a. List the prime factors of v.
2, 71
Suppose -2*m + 4*y + 1444 = 0, -7*m + 2*y = -8*m + 714. What are the prime factors of m?
2, 359
Let n(v) be the second derivative of -7*v**5/20 - v**4/6 - 7*v**3/6 - 3*v**2/2 + 2*v - 46. What are the prime factors of n(-3)?
3, 7
Let g be (-1)/4 - 375/(-12). Suppose -30*a - 170 = 220. Let h = a + g. What are the prime factors of h?
2, 3
Let j = 53 + -51. List the prime factors of (8/2)/(j/(59 - -1)).
2, 3, 5
Let n = 35 + 674. List the prime factors of n.
709
Let s = 84 + -81. Suppose 0 = w - 97 - 100. Suppose -5*h + w = 4*c, h = 5*c - s*c + 31. What are the prime factors of h?
37
Suppose 2*f - u + 12 = 4*f, 2*u = 4*f - 16. Suppose 0 = -f*c + 5*a + 60, -2*c - a = -19 - 2. List the prime factors of c.
11
Let v(q) = -2*q**3 - 7*q**2 + 3. Suppose 18 = -3*z + 3. Let x be v(z). Suppose 2*a - r + 2*r - 52 = 0, 3*a + r - x = 0. List the prime factors of a.
2, 13
Suppose 5*x - 142 = -3*n, 4*n + 7 = 3. What are the prime factors of x?
29
Suppose -35*n = -23*n - 7824. What are the prime factors of n?
2, 163
Let i(c) = 188*c**2 + 4*c - 2. Let w be i(1). Let r = -32 + w. What are the prime factors of r?
2, 79
Let r be (-76)/(-10) - 16/(-40). Suppose j - 12 = 4*q, 4*q - 4*j = 2*q + r. List the prime factors of 325/15 - q/(-6).
3, 7
Suppose 168 = 4*o + 2*v, 42 = 4*o - 3*o + v. Suppose 4*z - 348 = -4*j + 2*j, 0 = 4*z - 2*j - 364. Let u = z - o. What are the prime factors of u?
47
Suppose -c + 28 - 26 = 0. Suppose 0*j + 80 = 2*j - c*n, -5*j + 3*n = -202. What are the prime factors of j?
41
Let a be 9/36 + (-5)/4. What are the prime factors of -3 - -7 - (a + -2)?
7
Suppose 26*h = 30*h - 19280. List the prime factors of h.
2, 5, 241
Let c be (-838)/(-5) + (-10)/(-25). Let i = c + -81. What are the prime factors of i?
3, 29
Suppose 61*h = 47*h + 18438. What are the prime factors of h?
3, 439
Let n be (-3)/((-1)/2 - -2). Let x(h) = 19*h**2 + 2*h + 6. What are the prime factors of x(n)?
2, 3, 13
Let h(m) = m**2 + 3*m - 4 - 8 - 1. What are the prime factors of h(-13)?
3, 13
Let v = 14 + -14. Let z(f) = f**2 - 13*f - 6. Let c be z(13). Let n = v - c. What are the prime factors of n?
2, 3
Suppose 4*h - 4*k = 2 - 14, 4*h - 5*k + 17 = 0. Suppose -4*q = -3*q - 37. Suppose i - h = q. List the prime factors of i.
3, 13
Let d(o) = 16*o**3 + 6*o**2 - 3*o - 11*o**3 - 6*o**3 - 4. Let u be d(5). Let t(g) = 5*g - 10. List the prime factors of t(u).
2, 5
Let c(z) = -z**3 + 7*z**2 - z - 26. List the prime factors of c(-9).
1279
Let g(r) = -r**3 - r**2 + 2*r + 15. Let l be g(0). Suppose 0 = -13*t + l*t - 52. What are the prime factors of t?
2, 13
Let y(h) = h - 7. Let j be y(5). Let r = j - -2. Suppose 3*u + r*u - 68 = -a, -2*a = 5*u - 114. What are the prime factors of u?
2, 11
Suppose -2*v + 2453 = j + 42, 5*j - 3*v = 12003. What are the prime factors of j?
3, 89
Suppose 0 = 4*b - 2*k - 217 + 45, 115 = 3*b + 2*k. Let z = 42 + b. What are the prime factors of z?
83
Let y = -25 - -30. Suppose 0 = 2*o + 3*n + 10 + y, -5*n - 15 = 0. List the prime factors of (-39)/(9/6 + o).
2, 13
Let j = -8764 + 17268. List the prime factors of (-4)/(-30) + j/120.
71
Let f = -60 + 63. Suppose f*d + 5*s - 670 = 0, -246 = -d - 2*s + 6*s. List the prime factors of d.
2, 5, 23
Let q(f) = 16*f**3 - 2*f + 4. What are the prime factors of q(3)?
2, 5, 43
Let b be (-4)/(-7)*(-7)/(-1). Suppose -33 = -t + 3*x + 55, b*x = t - 93. What are the prime factors of t?
73
Let v(j) = 73*j**2 + 2*j + 3. Let z be v(-3). Suppose -h - h + z = 4*a, 2*h = -2*a + 326. Suppose -5*m + a = -m. List the prime factors of m.
41
Let i(f) = 8 + 2*f**2 - 3*f - 2*f - 4 + 4*f**2. Suppose -14*p = 3*p - 34. List the prime factors of i(p).
2, 3
Suppose -9 + 11 = -f, -3*f = -2*x + 1822. List the prime factors of x.
2, 227
Let d = 80 + -80. Suppose d = 3*l - 2*j - 860, 551 = 2*l + j - 34. List the prime factors of l.
2, 5, 29
What are the prime factors of 155*(-143)/110*-8?
2, 13, 31
Suppose l + 8 = -3*l. List the prime factors of (-240)/((-8)/2) - l.
2, 31
Suppose 2175 = 18*w - 1137. List the prime factors of w.
2, 23
Suppose -4*r + 13 = 5*u, -r + 5*u = -3*r + 9. Suppose -w - 4*c = -16, r*c - 18 - 2 = -2*w. List the prime factors of w.
2
Let v be 5/(-10) + (-3)/2. Let a(l) = -15*l**3 + 3*l**2 + 2*l - 1. What are the prime factors of a(v)?
127
Let o(q) = 10*q**2 + q + 4. Let g(u) = -29*u**2 - 2*u - 12. Let k(p) = -3*g(p) - 8*o(p). What are the prime factors of k(2)?
2, 7
List the prime factors of (2/(-3) - 1) + (-10588)/(-6).
41, 43
Suppose -2*x - 2*q - 3*q = -169, -2*q = x - 84. List the prime factors of x.
2, 41
Let u be 1 - (103 - (2 + 2)). Let r = u - -67. Let n = r + 102. What are the prime factors of n?
71
Let s(p) = -404*p + 36. What are the prime factors of s(-2)?
2, 211
Let i(r) = -229*r + 6. List the prime factors of i(-2).
2, 29
List the prime factors of 10/(-4 - 6)*(-617 - 2).
619
Let m(z) = -8*z**2 - 2*z**2 - 2*z + 11*z - 3 + z**3. What are the prime factors of m(10)?
3, 29
List the prime factors of 9 + 3871/7 - 5/1.
557
Suppose -y = -4*d - 1188, 1174 = y - 5*d + 8*d. List the prime factors of y.
2, 5, 59
Let n(s) = 10*s**2 + s + 23. What are the prime factors of n(0)?
23
Let b(u) = u**2 - 7*u + 2. Let m = 33 - 26. Let v be b(m). Suppose 0 = 4*y - 4*w - 112, v*y - 4*w - 19 = y. What are the prime factors of y?
31
Suppose -4*o + 4*m - 4 = 0, -3*o + o = -4*m + 12. List the prime factors of (84/49)/(o/154).
2, 3, 11
Suppose 0 = -4*v - 0*v. Suppose v = 3*i + 6, g + 3*i - 99 = -14. Suppose -4*x = -g - 13. List the prime factors of x.
2, 13
Let c(z) be the third derivative of -4*z**2 + 3/8*z**4 - 29/6*z**3 + 0*z + 0. List the prime factors of c(11).
2, 5, 7
Let d(s) = 26*s - 2. What are the prime factors of d(16)?
2, 3, 23
Let v be (